 f(d) = -d**3 + 12*d**2 + d - 9. Let q be f(12). Let u(a) = 19*a**3 - 3*a**2 + q*a + 0 - 20*a**3 + 6. Calculate u(-4).
10
Let u(y) = -3*y**2 - 2*y. Let p(f) = f**2 - 6*f + 9. Let o be p(5). Suppose b + b = -2*t - 14, t = o*b + 8. Calculate u(b).
-21
Let k(s) = -s**3 - 8*s**2 + 3*s - 9. Let n(l) = l**2 + 1. Let h(x) = -k(x) - 5*n(x). Suppose -2*u = 2*u. Let p = u - 4. Calculate h(p).
0
Let r be 6/3 - (1 + -3). Let f(l) = -41780*l**2 + 6*l + 0 - l**3 + 41783*l**2 - 1. Give f(r).
7
Let r(c) = 2*c - 1. Let h(f) = -f**2 - 6*f + 11. Let d be h(-7). Suppose 0 = -4*t - d*s + 36, 3*t = t - 5*s + 21. Determine r(t).
15
Let a(u) = -23*u + 61. Let r(z) = 10. Let o(i) = a(i) - 6*r(i). What is o(2)?
-45
Let k(u) = -u**2 + 13*u - 5. Let i(t) = 2*t**2 - 16*t + 7. Let w(n) = -2*i(n) - 3*k(n). Let q(f) = f**2 - 7*f - 5. Let j be q(7). Calculate w(j).
11
Let j(n) = 7*n**2 + 17 - 22*n + 11*n + 0*n**3 + 6*n + n**3. What is j(-8)?
-7
Let t(i) be the third derivative of i**7/840 - i**6/90 + i**5/60 - 20*i**3/3 + 28*i**2. Let a(z) be the first derivative of t(z). Determine a(4).
8
Let f(g) be the third derivative of g**6/120 + g**3/2 - 254*g**2. Give f(3).
30
Let w = 12 + -16. Let y(s) be the third derivative of -s**4/24 - s**3/2 + 548*s**2. What is y(w)?
1
Let w(u) = u**3 + 9*u**2 - u - 12. Let m = 820 - 829. What is w(m)?
-3
Suppose 11 = 7*i - 3. Let m(u) = -194*u**3 + 193*u**3 - 3 + 2 - i*u**2. Let l(p) = -2*p**2 - 4*p - 3. Let b be l(-2). Determine m(b).
8
Let j(w) = w**3 - 4*w**2 - 6*w + 12. Let d be (-2 + 12/9)*(-150)/20. Calculate j(d).
7
Let t be (2/(-6))/((-1)/6). Let b(w) = -5*w**2 + 4*w**t - 3 + 5*w - 3 - 1. Give b(5).
-7
Suppose 7*c - 3*c + 8 = 0. Let f be c/4*(2 - 2). Let b(t) = t**3 - t**2 - 7. Determine b(f).
-7
Let y = -11 - -14. Let o be ((-1)/(-1) - y) + (-46 - -53). Let t(k) be the first derivative of -3*k**2/2 + 6*k + 1. What is t(o)?
-9
Let y = -506/3 - -169. Let g(m) be the first derivative of 1/2*m**2 - 5 - y*m**3 + 5*m. What is g(0)?
5
Let a(p) = p**3 - 3*p**2 + 2*p + 2. Let h be a(2). Let o be (1/(h/6) - 1) + -3. Let w(m) = -9*m**3 - 1. Give w(o).
8
Suppose 0 = 2*h - t - 13, 3*h + 10 = 4*h - 4*t. Suppose -h*o + 2*o = -5*j + 10, -2*o + 5*j - 10 = 0. Let u(n) = -n - 21. Calculate u(o).
-21
Let k = -4 - -8. Let i(s) = -2 - k*s + 6*s + s**2 - 3*s. Suppose 4*u - 3*y = 6, -6*y = -u - 2*y + 8. Determine i(u).
-2
Let a(y) = y + 2. Let q(r) = r - 1. Let o be q(5). Suppose -6*k = -5*k + o. What is a(k)?
-2
Let f(h) = -3*h + 6. Let u(s) = -1. Let g(y) = 2*f(y) + 10*u(y). Let k(o) = 5*o - 1. Let p(v) = -4*g(v) - 5*k(v). Let a = -571 - -563. Determine p(a).
5
Let t(j) = j**3 + 5*j**2 - 7. Let u be t(-5). Let c be 2/7 + (-19)/u. Let l(n) = 3*n. Calculate l(c).
9
Let p(c) = -c + 8. Suppose r + 7 = -3*b, b + 7 = r - 3*b. Let t be (-6)/(0 - -1 - 1 - r). Give p(t).
14
Let j(z) = 2*z**2 + 5*z + 4. Let o be j(-2). Suppose m = o*c + 9, 3*c = -4*m - 0*m - 8. Let h(r) = -1 + r**2 + 2*r + 5*r - 5*r. What is h(m)?
2
Let f(a) be the third derivative of -8/3*a**3 + 0*a + 1/120*a**6 + 0*a**4 + 0*a**5 + 0 + 9*a**2. What is f(0)?
-16
Let q(f) be the third derivative of -f**6/120 + f**5/15 + 5*f**3/6 - 203*f**2. Suppose -v = -4*v - 27. Let o = 13 + v. Calculate q(o).
5
Suppose 9 = -0*y + 3*y. Let v(a) = -2*a**2 - a**y + 28*a - 26*a - 2 + 5. Let u(p) = -p**3 - 3*p**2 + 2*p + 4. Let o be u(-3). Calculate v(o).
-1
Let d be 87/9 + 4 - (-1)/3. Let b = d - 9. Let n(i) = -i**3 + 4*i**2 + 4*i - 1. Give n(b).
-6
Let z(u) = 2*u + 8. Suppose 0 = s - x - 21, 5*x + 17 = 7. Suppose -s = -3*l + n, 3*l = l + 3*n + 15. What is z(l)?
20
Let o(t) = 8*t**2 + 9*t - 5. Let s(f) = 5*f**2 + 8*f - 7. Let i(a) = -2*o(a) + 3*s(a). Calculate i(5).
-6
Let q = 3 - -2. Suppose q*k = 10 + 10. Let i(j) be the second derivative of -j**5/20 + 5*j**4/12 - j**3 + j**2/2 - 26*j. Calculate i(k).
-7
Let w = 85 - 30. Let x be 2/5 + 418/w. Suppose -24 = 4*c - x. Let k(i) = i - 2. What is k(c)?
-6
Let l = -62 - -70. Let b(p) = -2*p**2 + 12*p - 11. Determine b(l).
-43
Let c(a) = a**2 + 19*a + 6. Let p be c(-19). Let x(y) be the first derivative of y**3/3 - 7*y**2/2 + 3*y + 1. Calculate x(p).
-3
Suppose -o + 4*g + 14 = 0, -4*o - 2*g = 1 - 3. Let k(n) = 39 + 0*n - 2*n**3 + n - 134 + 47 + 3*n**2 + 46. Give k(o).
-4
Suppose r - 7 = -2. Let q(f) = 6*f**2 - 7*f - 5. Let h(b) = -7*b**2 + 7*b + 6. Suppose 18*n - 14*n - 24 = 0. Let c(s) = n*q(s) + 5*h(s). Determine c(r).
-10
Let c(a) = -a**2 + 10*a - 7. Suppose 0 = 183*q - 178*q - 45. What is c(q)?
2
Let c(j) = -21*j**2 - 13*j - 3. Let u = -11 + 16. Let v = 112 - 119. Let n(i) = -14*i**2 - 9*i - 2. Let q(g) = u*c(g) + v*n(g). Calculate q(-1).
-6
Let n(s) = s**2 - 9*s + 16. Let v be (16/20)/((-10)/(-75)). Let f be n(v). Let m(h) = h**2 + 3*h - 1. Calculate m(f).
-3
Suppose 2*s - 3*s - 5 = -3*g, 4*s - 25 = -3*g. Suppose -16*c = -17*c - s. Let v(b) = -b**3 - 3*b**2 + 3*b - 4. Calculate v(c).
0
Let w = -22 + 21. Let s(o) = 4*o**2 + o - 6. Let m(t) = t**2 - t. Let b(v) = w*s(v) + 5*m(v). Suppose -c = 0, -j - 2*c - 2*c + 6 = 0. Give b(j).
6
Let a(i) = -8 - 27*i - 1 + 16*i + i**3 - 7 - 12*i**2. Give a(13).
10
Let i(u) = -6*u**3 + 30 + 5*u**3 + 2*u**2 - 63 + 28 - u. What is i(-2)?
13
Let j(a) be the first derivative of -a**4/4 + 13*a**3/3 - 3*a**2/2 + 19*a + 127. What is j(13)?
-20
Let b(h) = -h**3 + 11*h + 5*h**2 - 3*h + 0 - 8. Let p(n) = -n**3 + 3*n**2 + 13*n - 9. Let m be p(-3). Determine b(m).
4
Suppose -3*b - 6 + 3 = 0. Let c(j) = 8*j**2 - j - 1. What is c(b)?
8
Let h(d) = 19*d + 62 - 22*d - 54. Determine h(7).
-13
Let w(y) = 5*y**3 + y. Let u be (-6 + 1)*9/(-15). Suppose 0 = -u*g - 3 - 0. Calculate w(g).
-6
Let a(x) = -2*x - 4. Suppose j - 6*j + 15 = 0. Suppose 0 = 2*y + 2*i - 16, -4*y + i + 24 = j*i. Suppose y*u + 12 = 7*u. Calculate a(u).
-12
Let z(f) be the third derivative of -f**6/15 + f**5/30 + f**4/12 + f**3/3 + 25*f**2 + 1. Give z(-1).
10
Let m(f) be the second derivative of f**4/12 - f**3/6 - f**2 - 58*f. Let t = -78 - -76. Give m(t).
4
Let p(b) = -14*b + 72. Let r be p(5). Let v(q) be the second derivative of 0 - 8*q - 4*q**r - 1/12*q**4 - 1/6*q**3. Determine v(0).
-8
Suppose -14 = 4*h - 2. Suppose -o - 2 = 3*m - 3*o, 0 = -m - 3*o + 14. Let f(x) = -x**2 - 2*x - m + 4*x**2 + 1 + x**3. Calculate f(h).
5
Let m(u) = u**2 + 8*u + 8. Let j(a) = -a**2 + 8*a + 14. Let g be j(-2). Give m(g).
-4
Let c(x) be the first derivative of 3*x - 1/4*x**4 - 7/2*x**2 + 7/3*x**3 - 4. Let f be (-176)/(-28) + 2/(-7). What is c(f)?
-3
Let t(p) = -185*p**2 - 11*p + 91*p**2 + 93*p**2 + 15. Determine t(-12).
3
Let w(m) = 3*m**2 + 12*m - 19. Let l(x) = 5*x**2 + 18*x - 29. Let n(z) = 5*l(z) - 8*w(z). Give n(5).
2
Suppose -c = -4*u + 7, u + 15 = -c - 17. Let b = 22 + c. Let a(k) = -k**2 - 4*k. Give a(b).
-5
Let v(z) = 11*z**2 - 2*z - 5. Let s(d) = d + 1. Let q(x) = 4*s(x) + v(x). Determine q(1).
12
Suppose 27*y + 11 = 173. Let t(w) = w**3 - 5*w**2 - 2*w - 8. Calculate t(y).
16
Let r = 27 - 26. Let c(m) = 44*m**2 - 1. Give c(r).
43
Suppose 39*c + 328 - 16 = 0. Let x(f) = f**2 + 10*f + 22. Calculate x(c).
6
Let w(r) = 2*r**2 - 9*r + 15. Let u be w(6). Let c = 29 - u. Let h(i) = i. Let y(z) = z**2 + 4*z + 5. Let l(p) = 3*h(p) + y(p). What is l(c)?
-7
Let o(s) be the second derivative of s**5/15 + s**4/6 - 2*s**3/3 - 3*s**2/2 - 30*s. Let j(y) be the second derivative of o(y). Give j(3).
28
Let a be 155/310 - ((-1)/2 + 1). Let c(q) be the second derivative of 2/3*q**3 + a - 1/12*q**4 + 8*q + 0*q**2. What is c(4)?
0
Let y(x) = -x + 14. Let l(a) = -a + 19. Let o(b) = 3*l(b) - 4*y(b). What is o(1)?
2
Suppose 3*n + 6 = -0*f + 3*f, 3*f - 4*n - 1 = 0. Let y(g) = g - 16. Determine y(f).
-9
Let r(v) = v**2 + 22*v + 99. Let t be r(-6). Let p(w) = 4*w - 6. Determine p(t).
6
Suppose -r + 5*s + 1 - 4 = 0, s - 1 = 0. Let v(h) be the second derivative of -1/12*h**4 + 0 - h**3 + 2*h - 3*h**r. What is v(-4)?
2
Let q = -4 - -9. Let i = 17 + -14. Let h(x) = 2*x - 2*x**2 - i + 6*x - 1 - 1. Determine h(q).
-15
Let p(y) = -17*y - 1. Let i = 273 + -274. Calculate p(i).
16
Let r = 107 + -107. Let t be (r/(-1)*1/(-4))/(-1). Let c(a) = a**2. Calculate c(t).
0
Let y = -701 - -698. Let x(v) = -v**2 + 3*v + 4. Determine x(y).
-14
Suppose 9 = -618*j + 621*j. Let q(y) be the third derivative of -2/3*y**j + 0 + 1/6*y**4 + 4*y**